{"id":253,"date":"2017-04-14T18:27:39","date_gmt":"2017-04-14T18:27:39","guid":{"rendered":"http:\/\/dekobetonzaun.de\/?page_id=253"},"modified":"2017-08-28T16:04:50","modified_gmt":"2017-08-28T16:04:50","slug":"abmessungen","status":"publish","type":"page","link":"https:\/\/dekobetonzaun.de\/?page_id=253","title":{"rendered":"Abmessungen"},"content":{"rendered":"<p><img decoding=\"async\" loading=\"lazy\" class=\"aligncenter wp-image-360 size-full\" src=\"http:\/\/dekobetonzaun.de\/wp-content\/uploads\/2017\/04\/schematic_wip_var3.png\" alt=\"\" width=\"1000\" height=\"850\" srcset=\"https:\/\/dekobetonzaun.de\/wp-content\/uploads\/2017\/04\/schematic_wip_var3.png 1000w, https:\/\/dekobetonzaun.de\/wp-content\/uploads\/2017\/04\/schematic_wip_var3-300x255.png 300w, https:\/\/dekobetonzaun.de\/wp-content\/uploads\/2017\/04\/schematic_wip_var3-768x653.png 768w\" sizes=\"(max-width: 1000px) 100vw, 1000px\" \/><\/p>\n<h4 style=\"text-align: center;\">Das Gewicht einer Platte betr\u00e4gt geschlossen 70kg und offen 65kg.<\/h4>\n<h4 style=\"text-align: center;\">Das Gewicht eines Pfostens betr\u00e4gt bei 2m H\u00f6he 80kg.<\/h4>\n","protected":false},"excerpt":{"rendered":"<p>Das Gewicht einer Platte betr\u00e4gt geschlossen 70kg und offen 65kg. Das Gewicht eines Pfostens betr\u00e4gt bei 2m H\u00f6he 80kg.<\/p>\n","protected":false},"author":1,"featured_media":0,"parent":0,"menu_order":0,"comment_status":"closed","ping_status":"closed","template":"","meta":{"ngg_post_thumbnail":0},"aioseo_notices":[],"_links":{"self":[{"href":"https:\/\/dekobetonzaun.de\/index.php?rest_route=\/wp\/v2\/pages\/253"}],"collection":[{"href":"https:\/\/dekobetonzaun.de\/index.php?rest_route=\/wp\/v2\/pages"}],"about":[{"href":"https:\/\/dekobetonzaun.de\/index.php?rest_route=\/wp\/v2\/types\/page"}],"author":[{"embeddable":true,"href":"https:\/\/dekobetonzaun.de\/index.php?rest_route=\/wp\/v2\/users\/1"}],"replies":[{"embeddable":true,"href":"https:\/\/dekobetonzaun.de\/index.php?rest_route=%2Fwp%2Fv2%2Fcomments&post=253"}],"version-history":[{"count":11,"href":"https:\/\/dekobetonzaun.de\/index.php?rest_route=\/wp\/v2\/pages\/253\/revisions"}],"predecessor-version":[{"id":605,"href":"https:\/\/dekobetonzaun.de\/index.php?rest_route=\/wp\/v2\/pages\/253\/revisions\/605"}],"wp:attachment":[{"href":"https:\/\/dekobetonzaun.de\/index.php?rest_route=%2Fwp%2Fv2%2Fmedia&parent=253"}],"curies":[{"name":"wp","href":"https:\/\/api.w.org\/{rel}","templated":true}]}}